*3 - 47*m**2 - 1185*m - 231. Calculate a(-6).
3
Let f(p) = -1574*p**3 + 12597*p**2 + 3*p - 8. Calculate f(8).
336
Let p(q) = -19018*q + 114105. Give p(6).
-3
Let y(g) = -325*g - 1016. What is y(-3)?
-41
Let x(l) = 5*l**3 + 3679*l**2 - 8138*l - 14787. Calculate x(-738).
-27
Let f(a) = -200*a - 23165. Calculate f(-115).
-165
Let h(u) = 185899*u + 1115387. Determine h(-6).
-7
Let y(b) = 150*b - 24372. Calculate y(163).
78
Let o(a) = -27*a**2 + 396*a - 1914. Calculate o(5).
-609
Let t(q) = -7135*q - 171238. What is t(-24)?
2
Let j(m) = -3*m**3 - 6*m**2 - 61*m - 130. Give j(-5).
400
Let y(l) = 141*l - 515. Calculate y(8).
613
Let h(s) = 12*s**2 - 96*s + 541. Calculate h(6).
397
Let i(o) = -3*o**2 + 123*o + 336384. Determine i(356).
-36
Let o(m) = -m**2 + 388*m - 34549. Determine o(142).
383
Let v(m) = 37*m**2 - 5272*m - 24555. What is v(147)?
-6
Let j(u) = u**2 + 245*u - 8844. Determine j(-276).
-288
Let b(w) = -71*w - 728. Determine b(-26).
1118
Let z(d) = 7237*d + 202651. What is z(-28)?
15
Let s(b) = -3888*b - 175205. Calculate s(-45).
-245
Let z(p) = 375464*p - 21025986. What is z(56)?
-2
Let j(a) = -733*a - 8335. Give j(-11).
-272
Let x(u) = -69177*u - 1106830. Calculate x(-16).
2
Let r(l) = 7269*l + 79960. Give r(-11).
1
Let v(d) = 2*d**2 - 43271*d - 129822. What is v(-3)?
9
Let b(x) = 35616*x + 498604. Determine b(-14).
-20
Let w(x) = -51*x**3 - 4*x**2 + 282*x + 569. Calculate w(-2).
397
Let s(w) = -87*w**2 - 2868*w + 113. What is s(-33)?
14
Let k(n) = -7*n**3 + 16*n**2 - 139*n + 155. Give k(5).
-1015
Let z(n) = -2*n**2 + 448*n + 118574. Give z(380).
14
Let m(r) = -123*r + 2651. Calculate m(27).
-670
Let k(j) = 9*j**3 - 8*j**2 + 438*j + 1811. Give k(-4).
-645
Let s(j) = -784*j + 5625. Calculate s(8).
-647
Let n(f) = -3484*f**2 - 10441*f - 3. Determine n(-3).
-36
Let t(k) = -3211*k - 15736. Determine t(-5).
319
Let b(j) = 4*j**3 + 52*j**2 + 85*j - 43. What is b(-11)?
-10
Let a(z) = -12129*z - 169958. Calculate a(-14).
-152
Let v(t) = 14*t**2 - 1174*t + 108. Determine v(86).
2688
Let u(f) = -6*f**3 - 110*f**2 + 96*f + 2294. What is u(-18)?
-82
Let f(s) = -2*s**3 + 49*s**2 - 275*s + 82. Calculate f(16).
34
Let w(g) = -1854*g + 206002. Give w(111).
208
Let v(b) = b**2 + 84*b + 2052. Calculate v(-22).
688
Let a(z) = -z**3 - 51*z**2 + 3259*z + 256. Calculate a(-88).
-8
Let d(s) = -1974*s - 63086. Calculate d(-32).
82
Let l(y) = 3812*y + 2622669. What is l(-688)?
13
Let v(r) = -1032*r + 48711. Give v(49).
-1857
Let w(l) = 1815*l + 11058. Give w(-6).
168
Let r(p) = -15516*p - 729257. Give r(-47).
-5
Let m(n) = -n**3 - 45*n**2 - 309*n - 9541. Calculate m(-43).
48
Let m(k) = 5*k**3 - 1338*k**2 + 20126*k + 31. Give m(16).
-1
Let s(g) = -2*g**2 - 3971*g + 27920. What is s(7)?
25
Let i(b) = 3212*b - 1011893. Determine i(315).
-113
Let n(i) = 2*i**3 + 173*i**2 + 54*i - 2206. What is n(-86)?
546
Let m(j) = -31*j**3 - 74*j**2 + 213*j + 89. What is m(-4)?
37
Let g(q) = -8657*q - 25988. Determine g(-3).
-17
Let a(b) = 5*b**3 + 704*b**2 - 1572*b + 317. What is a(-143)?
174
Let t(o) = 56*o**3 - 553*o**2 - 89*o + 144. Calculate t(10).
-46
Let q(b) = -5*b**2 + 352*b - 5408. Give q(48).
-32
Let d(j) = -2*j**3 + 19*j**2 - 109*j - 1272. Calculate d(-5).
-2
Let b(k) = 311*k - 5913. Calculate b(-4).
-7157
Let c(v) = 2*v**2 - 204*v - 2532. Determine c(-12).
204
Let v(p) = 72*p + 1171. Calculate v(-15).
91
Let f(g) = 182706*g - 6029295. What is f(33)?
3
Let n(c) = c**2 + 24330*c + 437613. Give n(-18).
-3
Let g(m) = 1340*m**2 - 162*m + 8. Give g(1).
1186
Let x(l) = -l**3 + 46*l**2 - 496*l - 497. What is x(21)?
112
Let s(t) = -t**3 - 4*t**2 - 6839*t + 20587. Calculate s(3).
7
Let c(m) = -80*m**3 - m**2 + 557*m + 1118. Calculate c(-2).
640
Let v(x) = 233*x**2 + 2942*x + 1753. What is v(-12)?
1
Let r(o) = 7058*o + 28222. Determine r(-4).
-10
Let x(u) = -333*u + 13793. Calculate x(41).
140
Let v(f) = 1863*f + 1514. Calculate v(-1).
-349
Let b(c) = -3*c**2 - 1461*c - 33264. Give b(-23).
-1248
Let y(z) = -12004*z + 180081. Give y(15).
21
Let k(g) = 1622*g + 473664. What is k(-292)?
40
Let c(x) = 37*x**2 - 4446*x + 657. Give c(120).
-63
Let g(l) = -3*l**2 - 81318*l + 81318. What is g(1)?
-3
Let g(h) = -749*h - 631. Determine g(0).
-631
Let k(m) = -11259*m - 157681. Calculate k(-14).
-55
Let g(t) = 721*t + 2871. Determine g(-8).
-2897
Let j(l) = -126*l**2 + 954*l + 12. Calculate j(7).
516
Let g(f) = 109321*f - 12025315. Calculate g(110).
-5
Let r(f) = -f**2 - 7342*f - 233949. What is r(-32)?
-29
Let z(w) = w**2 - 6536*w + 97987. Calculate z(15).
172
Let q(b) = -2423*b - 25625. What is q(-11)?
1028
Let h(c) = 27*c**3 + 532*c**2 - 146*c + 290. What is h(-20)?
10
Let u(h) = 908*h + 113540. Give u(-125).
40
Let o(c) = 205899*c + 1235045. Determine o(-6).
-349
Let a(q) = q**3 - 71*q**2 + 1144*q + 257. Calculate a(25).
107
Let q(c) = -226257*c + 678708. Calculate q(3).
-63
Let s(u) = -370*u**3 + 44*u**2 - 118*u + 43. Calculate s(2).
-2977
Let s(i) = 3363*i + 33507. Calculate s(-10).
-123
Let f(u) = u**2 - 4553*u + 401767. Give f(90).
97
Let z(u) = -2*u**2 - 877*u - 16764. What is z(-20)?
-24
Let v(r) = r**2 + 100*r - 326. What is v(-112)?
1018
Let w(d) = -d**3 + 309*d**2 + 1408*d - 340380. What is w(310)?
0
Let o(k) = k**2 + 13906*k + 775593. Give o(-56).
-7
Let i(d) = -3*d**2 + 715*d - 10670. Give i(16).
2
Let q(c) = -9*c**3 - 281*c**2 - 271*c + 127. What is q(-30)?
-1643
Let k(m) = -56*m**2 - 293*m - 1763. Give k(-6).
-2021
Let m(w) = -37985*w - 873208. Calculate m(-23).
447
Let q(z) = -2*z**3 - 974*z**2 + 1950*z - 2934. Determine q(-489).
0
Let p(w) = -6856*w + 301636. What is p(44)?
-28
Let x(c) = -1947*c + 6317. What is x(3)?
476
Let r(h) = 5*h**2 - 1577*h + 79878. What is r(252)?
-6
Let o(q) = 9*q**3 + 18*q**2 - 16*q + 29. Calculate o(-7).
-2064
Let o(c) = -10*c**2 + 362*c + 4645. Calculate o(-10).
25
Let l(c) = -56*c - 6251. Calculate l(-130).
1029
Let g(m) = -3*m**2 - 1230*m + 167864. Give g(-518).
32
Let c(v) = 5*v**3 + 737*v**2 - 1189*v + 265. Give c(-149).
-182
Let y(x) = -1828*x + 4197. What is y(3)?
-1287
Let g(c) = -957*c + 536890. Calculate g(561).
13
Let q(k) = 3*k**2 - 132*k - 1216. Determine q(49).
-481
Let l(h) = -2*h**3 - 339*h**2 - 533*h - 60001. Determine l(-169).
1515
Let g(f) = -f**3 - 765*f**2 - 2833*f + 1306238. Give g(-759).
-1
Let a(i) = -3*i**3 - 4056*i**2 + 36752*i - 46. Calculate a(9).
-1
Let w(k) = k**2 + 1372*k - 525406. Give w(312).
2
Let a(u) = 3*u**3 - 1239*u**2 + 4910*u - 958. Calculate a(409).
-140
Let z(b) = -b**2 + 4914*b + 63761. Determine z(-13).
-290
Let z(o) = 2*o**3 + 361*o**2 + 9522*o + 20116. Determine z(-149).
1
Let d(k) = 226*k - 1141. Give d(4).
-237
Let x(k) = 403*k**2 + 6606*k + 8355. What is x(-15)?
-60
Let z(g) = 59737*g**2 + 298678*g - 4. Give z(-5).
31
Let x(o) = -3*o**2 + 327*o - 3476. Calculate x(100).
-776
Let a(j) = j**3 - 66*j**2 - 237*j + 2135. Calculate a(69).
65
Let f(l) = 710866*l - 1421751. What is f(2)?
-19
Let k(w) = 33*w**2 - 9516*w + 31643. Give k(285).
8
Let b(c) = -2*c**2 - 833*c - 57341. Determine b(-87).
-8
Let t(x) = 2*x**3 - 247*x**2 + 6798*x + 693. Calculate t(82).
37
Let k(h) = 393513*h - 11411881. Calculate k(29).
-4
Let n(o) = -o**3 + 1875*o**2 + 7526*o + 95. What is n(-4)?
55
Let b(i) = -i**2 - 83*i - 543. Determine b(-28).
997
Let w(m) = 2637*m - 237337. What is w(90)?
-7
Let d(i) = -i**3 - 37*i**2 - 87*i - 190. Calculate d(-34).
-700
Let g(z) = 17209*z + 104479. Give g(-6).
1225
Let x(y) = 2570*y + 154203. What is x(-60)?
3
Let f(v) = v**2 - 747*v + 49083. Determine f(74).
-719
Let i(l) = l**3 - 330*l**2 + 1572*l + 17225. Determine i(325).
0
Let g(n) = 2*n**3 - 129*n**2 + 345*n - 17987. What is g(64)?
-3
Let m(s) = -4208*s + 127910. What is m(30)?
1670
Let a(h) = 812*h**2 - 30857*h - 33. Give a(38).
-71
Let q(u) = u**2 - 10072*u - 1574788. Give q(-154).
16
Let v(w) = 167*w + 36794. Determine v(-221).
-113
Let j(n) = -371*n**2 + 14430*n + 1461. What is j(39)?
-60
Let y(t) = 6936*t - 554883. What is y(80)?
-3
Let j(s) = 13055*s + 79006. Give j(-6).
676
Let v(h) = h**3 + 184*h**2 + 6*h + 299. Determine v(-184).
-805
Let i(u) = 9*u**2 - 2413*u - 2114. Calculate i(269).
38
Let p(j) = -3*j**3 - 1121*j**2 - 2983*j - 5547. Determine p(-371).
18
Let m(i) = -i**3 - 244*i**2 - 253*i - 2623. What is m(-243)?
-